{"id":11,"date":"2018-08-08T15:56:52","date_gmt":"2018-08-08T15:56:52","guid":{"rendered":"http:\/\/dj-wildboy.de\/?page_id=11"},"modified":"2019-01-30T12:12:47","modified_gmt":"2019-01-30T12:12:47","slug":"about-me","status":"publish","type":"page","link":"http:\/\/dj-wildboy.de\/?page_id=11","title":{"rendered":"about me"},"content":{"rendered":"\n<div class=\"wp-block-cover has-background-dim is-layout-flow wp-block-cover-is-layout-flow\" style=\"background-image:url(http:\/\/dj-wildboy.de\/wp-content\/uploads\/2019\/01\/Koffercase.png)\"><\/div>\n\n\n<p>Offiziell ging es mit der Deejay Karriere 1991 los obwohl ich schon seit 1989 im \u00f6rtlichen Jugendclub als Dj t\u00e4tig war. Ab Mitte der 90er Jahre folgten dann die Auftritte in den gro\u00dfen Diskotheken in Sachsen. So z\u00e4hlten dazu die leg\u00e4nderen Clubs Absolom Freiberg, Sachsenhof Erlau, und vor allem die Gro\u00dfdiskothek Sch\u00f6nborn um nur mal die mit &gt;1000 Leute Fassungsverm\u00f6gen zu nennen. In vielen kleinere Tanzcafes und Diskotheken durfte ich bis heute erfolgreich und mit Freude als Dj t\u00e4tig sein. Ab dem Jahr 2000 kamen verst\u00e4rkt Eins\u00e4tze bei gr\u00f6\u00dferen Mobiltanzveranstaltungen dazu, beispielsweise Strassenfasching Meerane und&nbsp; die Faschingsveranstaltungen der S\u00e4chsichen Chaoten Meerane sowie der Saxonia Balloon Fiesta in Leipzig mit \u00fcber 10000 G\u00e4sten am Abend.<\/p>\n<p>Seit 2010 bet\u00e4tige ich mich auch verst\u00e4rkt im Bereich Ton und Recording, vorangig mit dem Livemittschnitt&nbsp; Ton\/Video von Konzerten sowie der Arbeit am FOH Mischpult.<\/p>\n<p><\/p>\n<p>Musikalisch war ich noch nie auf eine bestimmte Musikrichtung festgelegt, sondern spiele die besten Titel fast jeden Genres.<\/p>","protected":false},"excerpt":{"rendered":"<p>Offiziell ging es mit der Deejay Karriere 1991 los obwohl ich schon seit 1989 im \u00f6rtlichen Jugendclub als Dj t\u00e4tig war. Ab Mitte der 90er Jahre folgten dann die Auftritte in den gro\u00dfen Diskotheken in&hellip; <\/p>\n<p><a class=\"more-link\" href=\"http:\/\/dj-wildboy.de\/?page_id=11\">about me weiterlesen<\/a><\/p>\n","protected":false},"author":1,"featured_media":0,"parent":0,"menu_order":0,"comment_status":"closed","ping_status":"closed","template":"","meta":{"footnotes":""},"class_list":["post-11","page","type-page","status-publish","hentry"],"_links":{"self":[{"href":"http:\/\/dj-wildboy.de\/index.php?rest_route=\/wp\/v2\/pages\/11","targetHints":{"allow":["GET"]}}],"collection":[{"href":"http:\/\/dj-wildboy.de\/index.php?rest_route=\/wp\/v2\/pages"}],"about":[{"href":"http:\/\/dj-wildboy.de\/index.php?rest_route=\/wp\/v2\/types\/page"}],"author":[{"embeddable":true,"href":"http:\/\/dj-wildboy.de\/index.php?rest_route=\/wp\/v2\/users\/1"}],"replies":[{"embeddable":true,"href":"http:\/\/dj-wildboy.de\/index.php?rest_route=%2Fwp%2Fv2%2Fcomments&post=11"}],"version-history":[{"count":7,"href":"http:\/\/dj-wildboy.de\/index.php?rest_route=\/wp\/v2\/pages\/11\/revisions"}],"predecessor-version":[{"id":251,"href":"http:\/\/dj-wildboy.de\/index.php?rest_route=\/wp\/v2\/pages\/11\/revisions\/251"}],"wp:attachment":[{"href":"http:\/\/dj-wildboy.de\/index.php?rest_route=%2Fwp%2Fv2%2Fmedia&parent=11"}],"curies":[{"name":"wp","href":"https:\/\/api.w.org\/{rel}","templated":true}]}}